{"id":156,"date":"2016-08-10T15:57:08","date_gmt":"2016-08-10T13:57:08","guid":{"rendered":"http:\/\/telldietzenbach.de\/?page_id=156"},"modified":"2023-06-03T00:56:25","modified_gmt":"2023-06-02T22:56:25","slug":"wettkampfklassen","status":"publish","type":"page","link":"https:\/\/telldietzenbach.de\/?page_id=156","title":{"rendered":"Wettkampfklassen"},"content":{"rendered":"<table>\n<tbody>\n<tr>\n<th>Klassen<\/th>\n<th>Altersbereich<\/th>\n<th>Kennzahlen<\/th>\n<\/tr>\n<tr>\n<td>Sch\u00fcler<\/td>\n<td>&#8211; 14<\/td>\n<td>20<\/td>\n<\/tr>\n<tr>\n<td>Sch\u00fclerinnen<\/td>\n<td>&#8211; 14<\/td>\n<td>21<\/td>\n<\/tr>\n<tr>\n<td>Jugend m\u00e4nnlich<\/td>\n<td>15 &#8211; 16<\/td>\n<td>30<\/td>\n<\/tr>\n<tr>\n<td>Jugend weiblich<\/td>\n<td>15 &#8211; 16<\/td>\n<td>31<\/td>\n<\/tr>\n<tr>\n<td>Junioren II<\/td>\n<td>17 &#8211; 18<\/td>\n<td>42<\/td>\n<\/tr>\n<tr>\n<td>Juniorinnen II<\/td>\n<td>17 &#8211; 18<\/td>\n<td>43<\/td>\n<\/tr>\n<tr>\n<td>Junioren I<\/td>\n<td>19 &#8211; 20<\/td>\n<td>40<\/td>\n<\/tr>\n<tr>\n<td>Juniorinnen I<\/td>\n<td>19 &#8211; 20<\/td>\n<td>41<\/td>\n<\/tr>\n<tr>\n<td>Herren I<\/td>\n<td>21 &#8211; 40<\/td>\n<td>10<\/td>\n<\/tr>\n<tr>\n<td>Damen I<\/td>\n<td>21 &#8211; 40<\/td>\n<td>11<\/td>\n<\/tr>\n<tr>\n<td>Herren II<\/td>\n<td>41 &#8211; 50<\/td>\n<td>12<\/td>\n<\/tr>\n<tr>\n<td>Damen II<\/td>\n<td>41 &#8211; 50<\/td>\n<td>13<\/td>\n<\/tr>\n<tr>\n<td>Herren III<\/td>\n<td>51 &#8211; 60<\/td>\n<td>14<\/td>\n<\/tr>\n<tr>\n<td>Damen III<\/td>\n<td>51 &#8211; 60<\/td>\n<td>15<\/td>\n<\/tr>\n<tr>\n<td>Herren IV<\/td>\n<td>61+<\/td>\n<td>16<\/td>\n<\/tr>\n<tr>\n<td>Damen IV<\/td>\n<td>61+<\/td>\n<td>17<\/td>\n<\/tr>\n<\/tbody>\n<\/table>\n<p><strong>Klasseneinteilung im Bogenbereich<\/strong><\/p>\n<table>\n<tbody>\n<tr>\n<th>Klassen<\/th>\n<th>Altersbereich<\/th>\n<th>Kennzahlen<\/th>\n<\/tr>\n<tr>\n<td>Sch\u00fcler C m\u00e4nnlich<\/td>\n<td>&#8211; 10<\/td>\n<td>24<\/td>\n<\/tr>\n<tr>\n<td>Sch\u00fcler C weiblich<\/td>\n<td>&#8211; 10<\/td>\n<td>25<\/td>\n<\/tr>\n<tr>\n<td>Sch\u00fcler B m\u00e4nnlich<\/td>\n<td>11 &#8211; 12<\/td>\n<td>22<\/td>\n<\/tr>\n<tr>\n<td>Sch\u00fcler B weiblich<\/td>\n<td>11 &#8211; 12<\/td>\n<td>23<\/td>\n<\/tr>\n<tr>\n<td>Sch\u00fcler A m\u00e4nnlich<\/td>\n<td>13 &#8211; 14<\/td>\n<td>20<\/td>\n<\/tr>\n<tr>\n<td>Sch\u00fcler A weiblich<\/td>\n<td>13 &#8211; 14<\/td>\n<td>21<\/td>\n<\/tr>\n<tr>\n<td>Jugend m\u00e4nnlich<\/td>\n<td>15 &#8211; 17<\/td>\n<td>30<\/td>\n<\/tr>\n<tr>\n<td>Jugend weiblich<\/td>\n<td>15 &#8211; 17<\/td>\n<td>31<\/td>\n<\/tr>\n<tr>\n<td>Junioren<\/td>\n<td>18 &#8211; 20<\/td>\n<td>40<\/td>\n<\/tr>\n<tr>\n<td>Juniorinnen<\/td>\n<td>18 &#8211; 20<\/td>\n<td>41<\/td>\n<\/tr>\n<tr>\n<td>Herren<\/td>\n<td>21 &#8211; 49<\/td>\n<td>10<\/td>\n<\/tr>\n<tr>\n<td>Damen<\/td>\n<td>21 &#8211; 49<\/td>\n<td>11<\/td>\n<\/tr>\n<tr>\n<td>Master m\u00e4nnlich<\/td>\n<td>50 &#8211; 65<\/td>\n<td>12<\/td>\n<\/tr>\n<tr>\n<td>Master weiblich<\/td>\n<td>50 &#8211; 65<\/td>\n<td>13<\/td>\n<\/tr>\n<tr>\n<td>Senioren<\/td>\n<td>66+<\/td>\n<td>14<\/td>\n<\/tr>\n<tr>\n<td>Seniorinnen<\/td>\n<td>66+<\/td>\n<td>15<\/td>\n<\/tr>\n<\/tbody>\n<\/table>\n<p><strong>Wettkampfklassen f\u00fcr Auflage &#8211; Disziplinen<\/strong><\/p>\n<table>\n<tbody>\n<tr>\n<th>Klassen<\/th>\n<th>Altersbereich<\/th>\n<th>Kennzahlen<\/th>\n<\/tr>\n<tr>\n<td>Senioren I<\/td>\n<td>51 &#8211; 60<\/td>\n<td>70<\/td>\n<\/tr>\n<tr>\n<td>Senioreninnen I<\/td>\n<td>51 &#8211; 60<\/td>\n<td>71<\/td>\n<\/tr>\n<tr>\n<td>Senioren II<\/td>\n<td>61 &#8211; 65<\/td>\n<td>72<\/td>\n<\/tr>\n<tr>\n<td>Senioreninnen II<\/td>\n<td>61 &#8211; 65<\/td>\n<td>73<\/td>\n<\/tr>\n<tr>\n<td>Senioren III<\/td>\n<td>66 &#8211; 70<\/td>\n<td>74<\/td>\n<\/tr>\n<tr>\n<td>Senioreninnen III<\/td>\n<td>66 &#8211; 70<\/td>\n<td>75<\/td>\n<\/tr>\n<tr>\n<td>Senioren IV<\/td>\n<td>71 -75<\/td>\n<td>76<\/td>\n<\/tr>\n<tr>\n<td>Senioreninnen IV<\/td>\n<td>71 -75<\/td>\n<td>77<\/td>\n<\/tr>\n<tr>\n<td>Senioren V<\/td>\n<td>76+<\/td>\n<td>78<\/td>\n<\/tr>\n<tr>\n<td>Senioreninnen V<\/td>\n<td>76+<\/td>\n<td>78<\/td>\n<\/tr>\n<\/tbody>\n<\/table>\n","protected":false},"excerpt":{"rendered":"<p>Klassen Altersbereich Kennzahlen Sch\u00fcler &#8211; 14 20 Sch\u00fclerinnen &#8211; 14 21 Jugend m\u00e4nnlich 15 &#8211; 16 30 Jugend weiblich 15 &#8211; 16 31 Junioren II 17 &#8211; 18 42 Juniorinnen II 17 &#8211; 18 43 Junioren I 19 &#8211; 20<\/p>\n","protected":false},"author":3,"featured_media":0,"parent":0,"menu_order":0,"comment_status":"closed","ping_status":"closed","template":"","meta":{"ngg_post_thumbnail":0,"footnotes":""},"class_list":["post-156","page","type-page","status-publish","hentry"],"_links":{"self":[{"href":"https:\/\/telldietzenbach.de\/index.php?rest_route=\/wp\/v2\/pages\/156","targetHints":{"allow":["GET"]}}],"collection":[{"href":"https:\/\/telldietzenbach.de\/index.php?rest_route=\/wp\/v2\/pages"}],"about":[{"href":"https:\/\/telldietzenbach.de\/index.php?rest_route=\/wp\/v2\/types\/page"}],"author":[{"embeddable":true,"href":"https:\/\/telldietzenbach.de\/index.php?rest_route=\/wp\/v2\/users\/3"}],"replies":[{"embeddable":true,"href":"https:\/\/telldietzenbach.de\/index.php?rest_route=%2Fwp%2Fv2%2Fcomments&post=156"}],"version-history":[{"count":16,"href":"https:\/\/telldietzenbach.de\/index.php?rest_route=\/wp\/v2\/pages\/156\/revisions"}],"predecessor-version":[{"id":3811,"href":"https:\/\/telldietzenbach.de\/index.php?rest_route=\/wp\/v2\/pages\/156\/revisions\/3811"}],"wp:attachment":[{"href":"https:\/\/telldietzenbach.de\/index.php?rest_route=%2Fwp%2Fv2%2Fmedia&parent=156"}],"curies":[{"name":"wp","href":"https:\/\/api.w.org\/{rel}","templated":true}]}}