{"id":4480,"date":"2026-05-03T20:23:32","date_gmt":"2026-05-03T18:23:32","guid":{"rendered":"https:\/\/telldietzenbach.de\/?page_id=4480"},"modified":"2026-05-03T20:24:27","modified_gmt":"2026-05-03T18:24:27","slug":"schiessstaende","status":"publish","type":"page","link":"https:\/\/telldietzenbach.de\/?page_id=4480","title":{"rendered":"Schie\u00dfst\u00e4nde"},"content":{"rendered":"\n<h2>Bogenhalle \/ Blasrohr<\/h2>\n<ul>\n<li>3x 18m Scheiben<\/li>\n<li>1x 10m Scheibe<\/li>\n<\/ul>\n<img decoding=\"async\" src=\"https:\/\/telldietzenbach.de\/wp-content\/uploads\/2026\/05\/2017_Bogenhalle-scaled.jpg\" alt=\"Bogenhalle\">\n\n\n<h2>Bogenwiese<\/h2>\n<ul>\n<li>Diverse Scheiben von 10m bis 70m<\/li>\n<\/ul>\n\n\n<h2>Luftdruck<\/h2>\n<ul>\n<li>20 St\u00e4nde<\/li>\n<\/ul>\n<img decoding=\"async\" src=\"https:\/\/telldietzenbach.de\/wp-content\/uploads\/2026\/05\/2017_10m_Stand-scaled.jpg\" alt=\"Luftdruckhalle\">\n\n\n<h2>25m Stand<\/h2>\n<ul>\n<li>5 St\u00e4nde<\/li>\n<\/ul>\n<img decoding=\"async\" src=\"https:\/\/telldietzenbach.de\/wp-content\/uploads\/2026\/05\/2017_25m_Stand-scaled.jpg\" alt=\"25m Stand\">\n\n\n<h2>50m Stand<\/h2>\n<ul>\n<li>4 St\u00e4nde<\/li>\n<\/ul>\n<img decoding=\"async\" src=\"https:\/\/telldietzenbach.de\/wp-content\/uploads\/2026\/05\/2017_50m_Stand-scaled.jpg\" alt=\"50m Stand\">\n\n\n\n<p><\/p>\n\n\n\n<p><\/p>\n\n\n\n<p><\/p>\n\n\n\n<p><\/p>\n\n\n\n<p><\/p>\n","protected":false},"excerpt":{"rendered":"<p>Bogenhalle \/ Blasrohr 3x 18m Scheiben 1x 10m Scheibe Bogenwiese Diverse Scheiben von 10m bis 70m Luftdruck 20 St\u00e4nde 25m Stand 5 St\u00e4nde 50m Stand 4 St\u00e4nde<\/p>\n","protected":false},"author":3,"featured_media":0,"parent":77,"menu_order":0,"comment_status":"closed","ping_status":"closed","template":"","meta":{"ngg_post_thumbnail":0,"footnotes":""},"class_list":["post-4480","page","type-page","status-publish","hentry"],"_links":{"self":[{"href":"https:\/\/telldietzenbach.de\/index.php?rest_route=\/wp\/v2\/pages\/4480","targetHints":{"allow":["GET"]}}],"collection":[{"href":"https:\/\/telldietzenbach.de\/index.php?rest_route=\/wp\/v2\/pages"}],"about":[{"href":"https:\/\/telldietzenbach.de\/index.php?rest_route=\/wp\/v2\/types\/page"}],"author":[{"embeddable":true,"href":"https:\/\/telldietzenbach.de\/index.php?rest_route=\/wp\/v2\/users\/3"}],"replies":[{"embeddable":true,"href":"https:\/\/telldietzenbach.de\/index.php?rest_route=%2Fwp%2Fv2%2Fcomments&post=4480"}],"version-history":[{"count":3,"href":"https:\/\/telldietzenbach.de\/index.php?rest_route=\/wp\/v2\/pages\/4480\/revisions"}],"predecessor-version":[{"id":4487,"href":"https:\/\/telldietzenbach.de\/index.php?rest_route=\/wp\/v2\/pages\/4480\/revisions\/4487"}],"up":[{"embeddable":true,"href":"https:\/\/telldietzenbach.de\/index.php?rest_route=\/wp\/v2\/pages\/77"}],"wp:attachment":[{"href":"https:\/\/telldietzenbach.de\/index.php?rest_route=%2Fwp%2Fv2%2Fmedia&parent=4480"}],"curies":[{"name":"wp","href":"https:\/\/api.w.org\/{rel}","templated":true}]}}